.
1
Suppose -2*j = -0*j - f - 42, 2*f = -3*j + 70. Suppose 3*n - n = -j. Let b = 1 - n. Calculate the greatest common factor of 3 and b.
3
Let n = 2600 - 2567. Calculate the highest common divisor of 1353 and n.
33
Let b be 5074/430 - (8/(-10))/(-1). Suppose -2*q - 1 = -3. Calculate the highest common divisor of q and b.
1
Suppose 9*s - 10*s + 145 = 0. Suppose -n = -4*v + s, 139 = 3*v - n + 29. Calculate the greatest common factor of 7 and v.
7
Let w be (9/6)/(2/4). Let i(x) be the third derivative of -x**4/24 + x**3/2 - 2*x**2. Let v be i(-3). What is the greatest common divisor of w and v?
3
Let n = 117 + -79. Let b(d) = d**3 + 8*d**2 - 10*d + 15. Let k be b(-8). Calculate the greatest common factor of k and n.
19
Let v be (-8 + 161/14)*(3 + -1). Suppose 19*y + v = 83. What is the highest common divisor of y and 10?
2
Let r(p) = -3*p**3 + p**2 - 4*p - 3. Let y be r(-2). Suppose -57 = -2*s - 5*f, 4*f - f + y = 3*s. What is the highest common divisor of s and 16?
16
Suppose -r = 5*s - 9, -2*r - s + 41 = r. Let m(q) = 4*q**2 + 12*q + q**2 - 2 - q**3 - 2. Let h be m(5). Calculate the highest common divisor of h and r.
14
Let u(x) = -2*x**3 + 15*x**2 - 15*x - 8. Let o be u(5). Calculate the greatest common divisor of 28 and o.
14
Suppose 2*b + 7 = -5*n + 35, 2*b - 20 = -3*n. Suppose -3*m = 5*g - 48, g = -0*g + b*m + 5. Calculate the greatest common divisor of 36 and g.
9
Let r be 5/(-10) + (-1)/2. Let p(f) = f + 3. Let z be p(r). Let b be (48/(-28))/(z/(-21)). What is the highest common divisor of b and 144?
18
Let f(h) = -6*h + 2. Let n be f(-3). Suppose -12 = -0*x - x. Let k = x + 28. What is the highest common factor of k and n?
20
Let y(d) = 4*d**2 + 23*d + 1. Let p be (-3)/(5/50*5). Let q be y(p). Calculate the greatest common divisor of q and 77.
7
Suppose -120 = -9*x - 12. Calculate the highest common factor of 492 and x.
12
Suppose 4*n = -5*g + 951, -n + 322 = -4*g + 100. Calculate the greatest common divisor of n and 54.
18
Let v = -928 + 931. Calculate the greatest common factor of v and 87.
3
Suppose -242*g = -246*g - 112. Let s be g/8*(-8)/14. Calculate the highest common divisor of s and 5.
1
Let g(o) = 45*o - 3. Let h(f) = -11*f + 1. Let l(k) = -2*g(k) - 9*h(k). Let u be l(3). What is the highest common divisor of 192 and u?
24
Let q(z) = 37*z**3 - 2*z**2 + 5*z - 4. Let b be q(1). Calculate the greatest common factor of 4 and b.
4
Suppose -5*n = -2*k - 23, -8 = -5*n - 2*k + 19. Suppose 276 = n*z - 179. What is the greatest common factor of z and 26?
13
Let n(k) = -34*k + 10. Let u(d) = 35*d - 9. Let l(f) = -2*n(f) - 3*u(f). Let x be l(-1). Calculate the highest common factor of 11 and x.
11
Suppose 5*g - 5 = 45. Let p = 11 - g. Calculate the greatest common divisor of p and 4.
1
Let z(q) = q**3 - 12*q**2 - 14*q + 17. Let l be z(13). Let k be 42/l - (-4)/8. Calculate the highest common divisor of k and 33.
11
Let y(p) = -p**3 + 4*p**2 + 6*p + 5. Let m be y(5). Let l be (20/(-9)*-3)/((-6)/(-9)). Calculate the highest common divisor of m and l.
10
Let a be (-7)/(-2)*(-560)/(-98). Let c be (-8)/a + 198/(-5). Let q be c/(-30)*(-126)/(-2). What is the greatest common factor of 12 and q?
12
Suppose 76*c - 1310 - 3478 = 0. What is the greatest common factor of c and 504?
63
Let t be (-18*(-4)/(-40))/((-3)/230). What is the greatest common factor of t and 6?
6
Suppose -33 = -l + 17. Let v = 93 - 73. Calculate the greatest common factor of v and l.
10
Suppose -8 = 2*j - 2*g, -j - 16 = -0*g - 4*g. Suppose j = -2*o - 8, -3*v + 4*o = -37. Let t = 22 - v. What is the highest common divisor of 10 and t?
5
Let l = 56 - -89. Let s(g) = 2*g**2 - 20*g - 19. Let j be s(12). Calculate the highest common factor of l and j.
29
Let a be -8 + 3 - (-1248 + 33). What is the greatest common divisor of 10 and a?
10
Let a be ((-23)/(-23))/(2 - 101/51). What is the greatest common divisor of 34 and a?
17
Suppose 3*g - 5*i - 87 = 0, 12 = g + i - 9. Suppose 4*t = -5*n + 416, -t = n - 108 + g. What is the highest common divisor of n and 48?
16
Suppose -3*b - 2*b = -15. Suppose -10*o + 23*o = 260. Suppose 3*i = 2*p + b*p + 4, o = i + 3*p. Calculate the greatest common divisor of i and 12.
4
Let o(a) = 8*a**2 + 17*a. Let l be o(-3). Calculate the highest common divisor of 1533 and l.
21
Let u = 57 + -54. Suppose u*r - 79 = -3*q + q, 5*q + 5 = 0. Calculate the greatest common factor of 216 and r.
27
Let f = -966 - -1029. Calculate the highest common factor of f and 189.
63
Suppose 0 = -12*h + 1010 + 190. Calculate the highest common factor of h and 125.
25
Suppose -h - 2*h + 45 = 0. Let x(l) = -5*l - 1. Let s be x(-1). Suppose -s*q + 6*g + 9 = g, 2*q - 24 = -4*g. What is the greatest common divisor of q and h?
3
Let f(z) = 2*z**2 + 2*z - 7. Let d be 5 - 2 - -4*9/(-6). Let b be f(d). Calculate the greatest common divisor of b and 10.
5
Suppose 0 = -g + 3*w + 19, -5*g - 3 = -3*w - 122. What is the highest common factor of 35 and g?
5
Let x(t) = t**3 - 6*t**2 + t - 8. Let o be -5*6/(-45)*9. Let i be x(o). Let w be (-1)/(i/(21 + -1)). Calculate the highest common factor of 5 and w.
5
Suppose -61 + 17 = -u. Let f(x) = x**3 - 13*x**2 + 25*x - 24. Let p be f(11). Let g be 12*(-1 + 3/p - -1). Calculate the greatest common factor of u and g.
4
Let v(j) = -2*j**2 - 42*j + 52. Let q be v(-22). What is the greatest common divisor of 88 and q?
8
Let m = -13 + 11. Let z be (m + (-272)/(-10))/((-14)/(-35)). Calculate the highest common divisor of 21 and z.
21
Suppose 24675 = 37*m - 16*m. Calculate the highest common divisor of 47 and m.
47
Suppose -7*l - 371 = -861. What is the greatest common divisor of 595 and l?
35
Suppose 3*p + 3*r = 576, 4*p - 8*r = -9*r + 780. Let v = p - 114. Calculate the highest common factor of 205 and v.
41
Suppose -1231*r + 24 = -1230*r. Let u be (0 + -12)/(0 - 1). Calculate the highest common divisor of u and r.
12
Let b(l) = l**2 + 13. Let y(w) = -w + 1. Let n(s) = -b(s) + 6*y(s). Let r be n(-2). Calculate the highest common divisor of r and 5.
1
Let f be 6/(-2*(-2)/12). Suppose 0 = -0*u - 4*u. Suppose -g - g + 108 = u. What is the greatest common divisor of g and f?
18
Suppose -48 = -3*b + 12. Suppose 0 = 3*z + 4*h - 50, -14 = -z - 2*h + 6. Calculate the greatest common divisor of b and z.
10
Suppose 0 = w - 3*z + 17 - 1, -4*w - 3*z = -11. Suppose -7*y = -k - 2*y, 5*k = 3*y. Let f be (-2 - -27) + k + w. What is the greatest common factor of 36 and f?
12
Let k be ((-44)/6)/((-1)/(-3)*-1). What is the greatest common factor of k and 2?
2
Let w(v) = v**3 - 2*v**2 - 7*v + 5. Let c be w(3). Let x be ((-52)/c)/(2/7). What is the greatest common divisor of 39 and x?
13
Suppose -3*v = 2*d - 323, 4*d + 156 = -5*v + 797. Calculate the highest common divisor of 126 and d.
14
Let v(f) = 2*f**2 + 4*f - 8. Let r be v(-6). Suppose -4*w - 3*u = -6*w - 69, -w - 15 = 5*u. Let a = r - w. What is the highest common divisor of a and 14?
14
Suppose -4*h + h + 171 = -3*l, 3*l = -2*h + 134. Let y = -104 + h. Let g = -29 - y. What is the highest common divisor of 2 and g?
2
Let d be (-2)/(-4)*-2 - -15. Let t = 332 + -220. What is the highest common divisor of t and d?
14
Let u(i) be the first derivative of -i**2/2 + 4*i + 12. Let b be u(-4). What is the greatest common divisor of b and 12?
4
Let m = 937 + -41. What is the greatest common factor of m and 56?
56
Suppose 920 = -36*x + 44*x. What is the greatest common divisor of 23 and x?
23
Suppose 0 = 2*g - 339 - 141. Calculate the greatest common factor of g and 10.
10
Let r be (-330)/(-14) - 40/70. Suppose -4*a + 3*s - 2*s = -r, -5*s = 4*a - 5. What is the greatest common factor of a and 55?
5
Let o be 4/(-1) + 0 + 4. Suppose o = 2*d + 3*d - 40. Suppose -5*x - 3*y = -437, -2*x + 4*x - y = 177. What is the greatest common factor of x and d?
8
Suppose m = 14 - 10. Suppose m*j = 858 + 1354. Let a = j - 377. Calculate the greatest common divisor of 22 and a.
22
Let f be 15/(-6)*-18 + (0 - -3). Calculate the greatest common divisor of 768 and f.
48
Let b be (-4)/14 + 802/14. Let y be 6 - (-1)/3*-9. What is the greatest common factor of b and y?
3
Let n = -336 - -479. Suppose 12 = -3*x - 3*z, -2*x - 2*x + 5*z = -2. Let m be x - (3 + -5 + -13). What is the highest common divisor of m and n?
13
Let k = -2505 + 2519. What is the 